 24774712?
True
Does 2578 divide 29950092?
False
Is 1581 a factor of 47613674?
False
Is 359059291 a multiple of 4441?
True
Is 296699246 a multiple of 4793?
False
Does 116 divide 11994617?
False
Does 73 divide 183247301?
True
Is 2 a factor of 15574535?
False
Is 983360276 a multiple of 10409?
False
Is 725 a factor of 21892825?
True
Is 49 a factor of 736536052?
True
Is 1612 a factor of 344340735?
False
Is 48 a factor of 294880992?
True
Is 33 a factor of 15146934?
True
Is 13252539 a multiple of 7?
False
Does 3500 divide 166337500?
True
Does 291 divide 118127667?
True
Does 117 divide 1282668715?
False
Does 18 divide 1088171802?
True
Does 266 divide 1692216994?
False
Does 7732 divide 27507158?
False
Does 13 divide 579507318?
True
Does 1076 divide 871560?
True
Does 2529 divide 164546856?
True
Is 2126 a factor of 49259420?
True
Is 48454975 a multiple of 25?
True
Does 75 divide 1956696843?
False
Is 17 a factor of 698735615?
True
Does 354 divide 45093113?
False
Is 87935473 a multiple of 105?
False
Is 11439300 a multiple of 1584?
False
Is 122110202 a multiple of 5855?
False
Is 217797579 a multiple of 23?
False
Does 314 divide 486001978?
True
Is 282753944 a multiple of 101?
True
Is 58823870 a multiple of 14?
True
Is 44941861 a multiple of 27?
False
Is 118669110 a multiple of 7?
True
Is 709 a factor of 39472866?
True
Does 50 divide 171487600?
True
Does 62 divide 177764230?
True
Is 82607460 a multiple of 11?
False
Is 739735782 a multiple of 30?
False
Is 438720909 a multiple of 3383?
False
Is 748 a factor of 1426293857?
False
Is 16 a factor of 3015096683?
False
Is 20 a factor of 14224234?
False
Is 470 a factor of 524679640?
False
Is 119 a factor of 62368532?
False
Does 397 divide 1363988233?
False
Does 8 divide 438484496?
True
Is 4734 a factor of 848374475?
False
Is 1131338346 a multiple of 7151?
False
Is 12236529 even?
False
Is 737 a factor of 1961946387?
False
Is 939040560 a multiple of 60?
True
Is 520 a factor of 5789680?
True
Is 6329 a factor of 1558788397?
True
Is 15884730 a multiple of 10?
True
Does 1353 divide 235034473?
False
Is 5291440 a multiple of 140?
True
Is 59 a factor of 353043610?
True
Is 3788433 a multiple of 35?
False
Is 1286 a factor of 157260588?
False
Is 881058475 a multiple of 25?
True
Is 41 a factor of 10199399?
False
Does 48 divide 11865744?
True
Is 179 a factor of 3451654136?
True
Is 194414857 a multiple of 91?
True
Does 4 divide 5788996?
True
Is 1870490334 a multiple of 1227?
True
Is 6948 a factor of 878219655?
False
Is 29 a factor of 145628680?
False
Is 184 a factor of 40502280?
False
Is 10319816 a multiple of 338?
True
Does 10 divide 983059810?
True
Is 690 a factor of 1794964620?
True
Is 85772800 a multiple of 100?
True
Is 5297610 a multiple of 416?
False
Does 305 divide 643239979?
False
Does 34 divide 11440864?
True
Is 16464638 a multiple of 8?
False
Is 25 a factor of 1121857336?
False
Is 73 a factor of 21793557?
False
Does 13 divide 83449665?
True
Is 5 a factor of 6881385?
True
Does 18 divide 219963174?
False
Is 79 a factor of 13392677?
False
Does 1415 divide 74144585?
True
Is 12367045 a multiple of 5?
True
Is 1238 a factor of 347052254?
True
Is 666 a factor of 11062926?
True
Is 312246546 a multiple of 1115?
False
Is 1458 a factor of 60704585?
False
Is 5980 a factor of 1945856120?
True
Is 229767488 a multiple of 64?
True
Does 13 divide 1509595009?
True
Does 54 divide 149894480?
False
Is 145816308 even?
True
Does 6 divide 423774157?
False
Does 7 divide 8857716?
True
Is 137 a factor of 1888722278?
True
Does 76 divide 26379591?
False
Is 5126 a factor of 867939446?
True
Does 598 divide 566541612?
True
Does 16 divide 11242128?
True
Is 896854976 a multiple of 8?
True
Is 13 a factor of 446733122?
False
Does 1347 divide 136187088?
True
Does 202 divide 134969364?
False
Is 85669485 a multiple of 55?
True
Is 501 a factor of 972404255?
False
Does 10 divide 46386287?
False
Is 659991052 a multiple of 316?
False
Does 406 divide 301043487?
False
Is 17726207 a multiple of 676?
False
Does 6216 divide 491070216?
True
Is 22263973 a multiple of 225?
False
Is 11 a factor of 510141223?
False
Is 343 a factor of 135192075?
False
Does 3899 divide 2166926670?
False
Is 965 a factor of 32863772?
False
Does 85 divide 116470672?
False
Is 142168748 a multiple of 2?
True
Is 413 a factor of 71892562?
True
Is 205069379 a multiple of 2994?
False
Is 2967333 a multiple of 17?
True
Is 145 a factor of 183894220?
True
Does 36 divide 1735411248?
True
Is 3032 a factor of 83941385?
False
Is 15104344 a multiple of 677?
False
Does 6983 divide 1089746031?
True
Is 222 a factor of 270651522?
True
Is 122183658 a multiple of 60?
False
Is 77 a factor of 2235310?
True
Is 1313 a factor of 38252942?
True
Is 584 a factor of 229022302?
False
Is 89338176 a multiple of 387?
True
Is 907 a factor of 1865474064?
True
Is 24 a factor of 465261717?
False
Is 2285179632 a multiple of 7443?
True
Is 24 a factor of 204384332?
False
Is 49931 a multiple of 20?
False
Is 33873552 a multiple of 648?
True
Is 4129200 a multiple of 444?
True
Does 28 divide 12918976?
True
Does 6 divide 127248240?
True
Does 3 divide 15246756?
True
Does 20 divide 818119789?
False
Does 12 divide 46810937?
False
Does 40 divide 26051520?
True
Is 290988160 a multiple of 160?
True
Is 6 a factor of 222712632?
True
Is 126 a factor of 15902319?
False
Does 93 divide 230328822?
True
Does 62 divide 391865606?
True
Is 12 a factor of 303954792?
True
Is 2021821407 a multiple of 969?
True
Is 172 a factor of 172324736?
True
Is 226 a factor of 325254764?
False
Is 7129883 a multiple of 2254?
False
Is 229 a factor of 6271394?
True
Is 103 a factor of 3831821?
False
Is 37419665 a multiple of 696?
False
Does 2793 divide 13248981?
False
Is 12 a factor of 2700966300?
True
Is 389611133 a multiple of 357?
False
Is 25688314 a multiple of 35?
False
Is 6255439 a multiple of 1621?
True
Is 73 a factor of 4488697?
True
Is 86302686 a multiple of 3437?
False
Is 21 a factor of 482534808?
True
Is 529 a factor of 167234357?
True
Does 233 divide 3203068642?
False
Is 5132901 a multiple of 3?
True
Is 17 a factor of 42792995?
True
Is 5 a factor of 21211630?
True
Is 98889883 a multiple of 1373?
False
Does 39 divide 80672943?
True
Does 132 divide 123004916?
False
Is 137 a factor of 553892481?
False
Is 539 a factor of 851053121?
False
Is 157 a factor of 154964062?
False
Does 6015 divide 1168100541?
False
Is 159 a factor of 40549904?
False
Is 27 a factor of 42096510?
True
Does 6 divide 108335023?
False
Is 49 a factor of 139238498?
True
Is 2898882621 a multiple of 12200?
False
Is 148917146 a multiple of 51?
False
Does 254 divide 2666839472?
True
Does 526 divide 40824964?
True
Is 22 a factor of 100368923?
False
Is 478 a factor of 94816080?
True
Is 22397934 a multiple of 78?
True
Is 32669186 a multiple of 2049?
False
Is 255 a factor of 15192135?
True
Does 45 divide 110873295?
True
Is 4151050 a multiple of 122?
True
Is 470 a factor of 38281500?
True
Is 84444474 a multiple of 38?
True
Is 67 a factor of 25621537?
True
Is 54805985 a multiple of 59?
True
Does 176 divide 1013232?
True
Is 68 a factor of 145620436?
True
Is 12256712 a multiple of 268?
True
Does 421 divide 29540728?
True
Does 113 divide 280365430?
True
Does 1165 divide 473620265?
True
Does 21 divide 40526787?
True
Is 15 a factor of 552228?
False
Is 9578 a factor of 193341508?
True
Is 3424384 a multiple of 992?
True
Does 15 divide 160746615?
True
Is 357445068 a multiple of 87?
True
Does 2126 divide 8178573?
False
Is 2177001 a multiple of 261?
True
Is 13527903 a multiple of 1139?
True
Is 24431987 a multiple of 62?
False
Is 87 a factor of 30098284?
False
Is 110 a factor of 141497730?
True
Is 2716 a factor of 4342884?
True
Does 4214 divide 190818348?
True
Does 23 divide 5353625?
False
Is 130 a factor of 33704458?
False
Is 38 a factor of 76363026?
False
Is 255 a factor of 43121316?
False
Is 129974574 a multiple of 1473?
True
Does 169 divide 33661927?
True
Is 5471337053 a multiple of 37?
False
Is 1056683 a multiple of 26?
False
Does 2439 divide 429061563?
True
Is 17 a factor of 693201912?
False
Is 75347434 a multiple of 46?
False
Is 594904051 a multiple of 991?
False
Is 252 a factor of 198357012?
True
Does 52 divide 2564276?
True
Is 133 a factor of 6381340?
True
Is 22627116 a multiple of 4042?
True
Is 202907395 a mu